{"id":116,"date":"2018-10-06T13:23:15","date_gmt":"2018-10-06T11:23:15","guid":{"rendered":"https:\/\/begoe.ch\/?page_id=116"},"modified":"2022-03-05T12:34:12","modified_gmt":"2022-03-05T10:34:12","slug":"galerie","status":"publish","type":"page","link":"https:\/\/begoe.ch\/?page_id=116","title":{"rendered":"Kundenarbeiten"},"content":{"rendered":"<h2 style=\"text-align: center;\">Umbau Kipper mit Mulde<\/h2>\n\n\nngg_shortcode_0_placeholder\n\n\n<h2 style=\"text-align: center;\">Frontgewicht&nbsp;<\/h2>\n\n\nngg_shortcode_1_placeholder\n\n\n<h4 style=\"text-align: center;\">Vielen Dank f\u00fcr den sch\u00f6nen Auftrag.&nbsp;&nbsp;<\/h4>\n<h4 style=\"text-align: center;\">Kunde:<a href=\"https:\/\/www.bagger-tom.ch\/\"><span style=\"color: #0000ff;\"> Bagger Tom<\/span><\/a><\/h4>\n<h2 style=\"text-align: center;\">Einbau Tagfahrlicht<\/h2>\n\n\nngg_shortcode_2_placeholder\n\n\n<h2 style=\"text-align: center;\">Reparatur Lenkgest\u00e4nge<\/h2>\n\n\nngg_shortcode_3_placeholder\n\n\n<h2 style=\"text-align: center;\">Schaltgabelreparatur \u00c4cherli Einachser<\/h2>\n\n\nngg_shortcode_4_placeholder\n","protected":false},"excerpt":{"rendered":"<p>Umbau Kipper mit Mulde Frontgewicht&nbsp; Vielen Dank f\u00fcr den sch\u00f6nen Auftrag.&nbsp;&nbsp; Kunde: Bagger Tom Einbau Tagfahrlicht Reparatur Lenkgest\u00e4nge Schaltgabelreparatur \u00c4cherli Einachser<\/p>\n","protected":false},"author":1,"featured_media":0,"parent":0,"menu_order":0,"comment_status":"closed","ping_status":"closed","template":"","meta":{"ngg_post_thumbnail":0,"footnotes":""},"class_list":["post-116","page","type-page","status-publish","hentry"],"_links":{"self":[{"href":"https:\/\/begoe.ch\/index.php?rest_route=\/wp\/v2\/pages\/116","targetHints":{"allow":["GET"]}}],"collection":[{"href":"https:\/\/begoe.ch\/index.php?rest_route=\/wp\/v2\/pages"}],"about":[{"href":"https:\/\/begoe.ch\/index.php?rest_route=\/wp\/v2\/types\/page"}],"author":[{"embeddable":true,"href":"https:\/\/begoe.ch\/index.php?rest_route=\/wp\/v2\/users\/1"}],"replies":[{"embeddable":true,"href":"https:\/\/begoe.ch\/index.php?rest_route=%2Fwp%2Fv2%2Fcomments&post=116"}],"version-history":[{"count":29,"href":"https:\/\/begoe.ch\/index.php?rest_route=\/wp\/v2\/pages\/116\/revisions"}],"predecessor-version":[{"id":14347,"href":"https:\/\/begoe.ch\/index.php?rest_route=\/wp\/v2\/pages\/116\/revisions\/14347"}],"wp:attachment":[{"href":"https:\/\/begoe.ch\/index.php?rest_route=%2Fwp%2Fv2%2Fmedia&parent=116"}],"curies":[{"name":"wp","href":"https:\/\/api.w.org\/{rel}","templated":true}]}}